{"id":660,"date":"2012-03-09T22:11:39","date_gmt":"2012-03-09T21:11:39","guid":{"rendered":"http:\/\/www.kraenku.se\/test\/?page_id=660"},"modified":"2020-11-04T15:18:53","modified_gmt":"2020-11-04T14:18:53","slug":"tillagning","status":"publish","type":"page","link":"https:\/\/www.kraenku.se\/test\/te\/tillagning\/","title":{"rendered":"Tillagning"},"content":{"rendered":"<p><img loading=\"lazy\" decoding=\"async\" class=\"size-full wp-image-2548 aligncenter\" src=\"https:\/\/www.kraenku.se\/test\/wp-content\/uploads\/Ekologisk-Lung-Ching-Drakk\u00e4llan.png\" alt=\"\" width=\"800\" height=\"400\" srcset=\"https:\/\/www.kraenku.se\/test\/wp-content\/uploads\/Ekologisk-Lung-Ching-Drakk\u00e4llan.png 800w, https:\/\/www.kraenku.se\/test\/wp-content\/uploads\/Ekologisk-Lung-Ching-Drakk\u00e4llan-300x150.png 300w, https:\/\/www.kraenku.se\/test\/wp-content\/uploads\/Ekologisk-Lung-Ching-Drakk\u00e4llan-320x160.png 320w\" sizes=\"auto, (max-width: 800px) 100vw, 800px\" \/><\/p>\n<p>Du brygger teet p\u00e5 det s\u00e4tt du gillar b\u00e4st. Vi har en m\u00e4nga olika <a href=\"https:\/\/www.kraenku.se\/test\/shop\/tetillbehor\">tesilar i v\u00e5r webbshop<\/a>. M\u00e4ngden te man anv\u00e4nder beror f\u00f6rst\u00e5s p\u00e5 egen smak, ett vanligt m\u00e5tt \u00e4r dock en tesked per kopp eller 1 gram per dl.<\/p>\n<p>Vattnet till teet b\u00f6r inte koka utan bara sjuda, annars f\u00f6rsvinner syret. Enligt gammal kinesiskt tradition skall man avbryta uppv\u00e4rmningen n\u00e4r bubblorna \u00e4r stora som guldfiskars \u00f6gon. Det \u00e4r viktigt att l\u00e5ta teet dra p\u00e5 r\u00e4tt s\u00e4tt, n\u00e5got som skiljer mellan olika tesorter. F\u00f6r svart te b\u00f6r vattnet h\u00e5lla en temperatur p\u00e5 strax under kokpunkten och dragningstiden \u00e4r mellan 3 till 5 minuter beroende p\u00e5 sort.<\/p>\n<p><strong>TID &amp; TEMPERATUR<\/strong><\/p>\n<ul>\n<li>Svart te: 3-4 minuter. 90-95 grader.<\/li>\n<li>Gr\u00f6nt te: 1-3 minuter. 80 grader.<\/li>\n<li>R\u00f6tt te: 3-5 minuter. 90-95 grader.<\/li>\n<\/ul>\n<p>Hur l\u00e4nge gr\u00f6nt te b\u00f6r dra skiljer sig fr\u00e5n sort till sort. F\u00f6r att f\u00e5 den b\u00e4sta smaken b\u00f6r man h\u00e5lla sig mellan 1 och 3 minuter och du kan oftast brygga bladen flera g\u00e5nger. Dock f\u00e5r inte tebladen torka mellan bryggningarna. Vill man d\u00e4remot f\u00e5 de b\u00e4sta h\u00e4lsoeffekterna rekommenderas tider mellan 5 och 7 minuter. Givetvis g\u00e4ller det precis som vid doseringen att det \u00e4r den egna smaken som avg\u00f6r.<\/p>\n","protected":false},"excerpt":{"rendered":"<p>Du brygger teet p\u00e5 det s\u00e4tt du gillar b\u00e4st. Vi har en m\u00e4nga olika tesilar i v\u00e5r webbshop. M\u00e4ngden te man anv\u00e4nder beror f\u00f6rst\u00e5s p\u00e5 egen smak, ett vanligt m\u00e5tt \u00e4r dock en tesked per kopp eller 1 gram per dl. Vattnet till teet b\u00f6r inte koka utan bara sjuda, annars f\u00f6rsvinner syret. Enligt gammal&#8230;&nbsp;<a href=\"https:\/\/www.kraenku.se\/test\/te\/tillagning\/\" >L\u00e4s mer \u00bb<\/a><\/p>\n","protected":false},"author":2,"featured_media":0,"parent":936,"menu_order":51,"comment_status":"closed","ping_status":"closed","template":"","meta":{"_acf_changed":false,"_genesis_hide_title":false,"_genesis_hide_breadcrumbs":false,"_genesis_hide_singular_image":false,"_genesis_hide_footer_widgets":false,"_genesis_custom_body_class":"","_genesis_custom_post_class":"","_genesis_layout":"","footnotes":""},"class_list":{"0":"post-660","1":"page","2":"type-page","3":"status-publish","5":"entry"},"acf":[],"_links":{"self":[{"href":"https:\/\/www.kraenku.se\/test\/wp-json\/wp\/v2\/pages\/660","targetHints":{"allow":["GET"]}}],"collection":[{"href":"https:\/\/www.kraenku.se\/test\/wp-json\/wp\/v2\/pages"}],"about":[{"href":"https:\/\/www.kraenku.se\/test\/wp-json\/wp\/v2\/types\/page"}],"author":[{"embeddable":true,"href":"https:\/\/www.kraenku.se\/test\/wp-json\/wp\/v2\/users\/2"}],"replies":[{"embeddable":true,"href":"https:\/\/www.kraenku.se\/test\/wp-json\/wp\/v2\/comments?post=660"}],"version-history":[{"count":4,"href":"https:\/\/www.kraenku.se\/test\/wp-json\/wp\/v2\/pages\/660\/revisions"}],"predecessor-version":[{"id":4464,"href":"https:\/\/www.kraenku.se\/test\/wp-json\/wp\/v2\/pages\/660\/revisions\/4464"}],"up":[{"embeddable":true,"href":"https:\/\/www.kraenku.se\/test\/wp-json\/wp\/v2\/pages\/936"}],"wp:attachment":[{"href":"https:\/\/www.kraenku.se\/test\/wp-json\/wp\/v2\/media?parent=660"}],"curies":[{"name":"wp","href":"https:\/\/api.w.org\/{rel}","templated":true}]}}