{"id":5008,"date":"2022-12-24T23:42:16","date_gmt":"2022-12-24T22:42:16","guid":{"rendered":"https:\/\/www.kraenku.se\/test\/?page_id=5008"},"modified":"2025-02-01T19:10:20","modified_gmt":"2025-02-01T18:10:20","slug":"betyg","status":"publish","type":"page","link":"https:\/\/www.kraenku.se\/test\/tekalender\/betyg\/","title":{"rendered":"Betygs\u00e4tt Kr\u00e4nkus tekalender"},"content":{"rendered":"\n<p>Tack f\u00f6r alla betyg p\u00e5 v\u00e5r tekalender 2024. <\/p>\n\n\n\n<p>Vinnarna tillk\u00e4nnages i b\u00f6rjan av februari 2025.<\/p>\n","protected":false},"excerpt":{"rendered":"<p>Tack f\u00f6r alla betyg p\u00e5 v\u00e5r tekalender 2024. Vinnarna tillk\u00e4nnages i b\u00f6rjan av februari 2025.<\/p>\n","protected":false},"author":1,"featured_media":0,"parent":2736,"menu_order":0,"comment_status":"closed","ping_status":"closed","template":"","meta":{"_acf_changed":false,"_genesis_hide_title":false,"_genesis_hide_breadcrumbs":false,"_genesis_hide_singular_image":false,"_genesis_hide_footer_widgets":false,"_genesis_custom_body_class":"","_genesis_custom_post_class":"","_genesis_layout":"","footnotes":""},"class_list":{"0":"post-5008","1":"page","2":"type-page","3":"status-publish","5":"entry"},"acf":[],"_links":{"self":[{"href":"https:\/\/www.kraenku.se\/test\/wp-json\/wp\/v2\/pages\/5008","targetHints":{"allow":["GET"]}}],"collection":[{"href":"https:\/\/www.kraenku.se\/test\/wp-json\/wp\/v2\/pages"}],"about":[{"href":"https:\/\/www.kraenku.se\/test\/wp-json\/wp\/v2\/types\/page"}],"author":[{"embeddable":true,"href":"https:\/\/www.kraenku.se\/test\/wp-json\/wp\/v2\/users\/1"}],"replies":[{"embeddable":true,"href":"https:\/\/www.kraenku.se\/test\/wp-json\/wp\/v2\/comments?post=5008"}],"version-history":[{"count":11,"href":"https:\/\/www.kraenku.se\/test\/wp-json\/wp\/v2\/pages\/5008\/revisions"}],"predecessor-version":[{"id":5534,"href":"https:\/\/www.kraenku.se\/test\/wp-json\/wp\/v2\/pages\/5008\/revisions\/5534"}],"up":[{"embeddable":true,"href":"https:\/\/www.kraenku.se\/test\/wp-json\/wp\/v2\/pages\/2736"}],"wp:attachment":[{"href":"https:\/\/www.kraenku.se\/test\/wp-json\/wp\/v2\/media?parent=5008"}],"curies":[{"name":"wp","href":"https:\/\/api.w.org\/{rel}","templated":true}]}}