{"id":4570,"date":"2021-05-12T20:11:25","date_gmt":"2021-05-12T19:11:25","guid":{"rendered":"https:\/\/www.kraenku.se\/test\/?page_id=4570"},"modified":"2024-12-23T10:32:29","modified_gmt":"2024-12-23T09:32:29","slug":"framtid","status":"publish","type":"page","link":"https:\/\/www.kraenku.se\/test\/framtid\/","title":{"rendered":"H\u00e5llbarhet och milj\u00f6"},"content":{"rendered":"<div class=\"wp-block-image\">\n<figure class=\"aligncenter size-large is-resized\"><img loading=\"lazy\" decoding=\"async\" src=\"https:\/\/www.kraenku.se\/test\/wp-content\/uploads\/Kra\u0308nku-Ha\u030allbarhet-1-1024x1024.png\" alt=\"\" class=\"wp-image-4575\" width=\"512\" height=\"512\" srcset=\"https:\/\/www.kraenku.se\/test\/wp-content\/uploads\/Kra\u0308nku-Ha\u030allbarhet-1-1024x1024.png 1024w, https:\/\/www.kraenku.se\/test\/wp-content\/uploads\/Kra\u0308nku-Ha\u030allbarhet-1-300x300.png 300w, https:\/\/www.kraenku.se\/test\/wp-content\/uploads\/Kra\u0308nku-Ha\u030allbarhet-1-150x150.png 150w, https:\/\/www.kraenku.se\/test\/wp-content\/uploads\/Kra\u0308nku-Ha\u030allbarhet-1-768x768.png 768w, https:\/\/www.kraenku.se\/test\/wp-content\/uploads\/Kra\u0308nku-Ha\u030allbarhet-1.png 1080w\" sizes=\"auto, (max-width: 512px) 100vw, 512px\" \/><\/figure><\/div>\n\n\n<p>H\u00e4r p\u00e5 Kr\u00e4nku \u00e4r h\u00e5llbarhet, framtid, milj\u00f6 och natur mer \u00e4n modeord. Det rinner inte bara Guteblandning i v\u00e5ra \u00e5dror, utan ocks\u00e5 ett stort samh\u00e4llsengagemang.<\/p>\n\n\n\n<p><strong>EKOLOGISKT<\/strong> &#8211; sedan n\u00e5gra \u00e5r tillbaka \u00e4r vi ekologiskt certifierade. Det \u00e4r ett krav f\u00f6r att f\u00e5 skapa och m\u00e4rka ekologiska teblandningar och \u00e4ven f\u00f6r att f\u00e5 s\u00e4lja ekologiska produkter i v\u00e5r webbshop. H\u00e4r hittar du v\u00e5rt aktuella <a href=\"https:\/\/webgate.ec.europa.eu\/tracesnt\/directory\/publication\/organic-operator\/index#!?query=kr%C3%A4nku%20te%20kaffe&amp;sort=-issuedOn\" target=\"_blank\" rel=\"noreferrer noopener\">certifikat<\/a>.<\/p>\n\n\n\n<p><strong>\u00c5TERVINNING<\/strong> &#8211; vi sorterar allt utg\u00e5ende material p\u00e5 plats i huset och har h\u00e4mtning av plast och wellpapp f\u00f6r \u00e5tervinning varje vecka. Vi k\u00f6r papper och \u00f6vrig \u00e5tervinning till \u00c5tervinningscentralen i Visby med v\u00e5r bil som drivs av gotl\u00e4ndsk biogas. Fastigheten och bostadshuset p\u00e5 g\u00e5rden delar p\u00e5 en mindre soptunna f\u00f6r \u00f6vrigt avfall och v\u00e5r ambition \u00e4r att den totalm\u00e4ngden ska vara s\u00e5 liten som m\u00f6jligt. <a href=\"https:\/\/www.kraenku.se\/test\/faq\/\">H\u00e4r hittar du information om hur d\u00e5 \u00e5tervinner f\u00f6rpackningar fr\u00e5n Kr\u00e4nku<\/a>.<\/p>\n\n\n\n<p><strong>H\u00c5LLBARA F\u00d6RPACKNINGAR  <\/strong>&#8211; Vi packar v\u00e5ra teer i pappersp\u00e5sar med folieinsida. D\u00e5 p\u00e5sen best\u00e5r av \u00f6verv\u00e4gande papper sorteras den som pappersf\u00f6rpackning. Vi f\u00f6rsluter numer alla p\u00e5sar med en papperstejp som \u00e5tervinns p\u00e5 samma s\u00e4tt som p\u00e5sarna.<\/p>\n\n\n\n<p>Vi packar alla v\u00e5ra egna kaffesorter i antingen en papperstub eller i pappl\u00e5dor med pappersp\u00e5sar i. Allt sorteras som pappersf\u00f6rpackning. <\/p>\n\n\n\n<p>Vi \u00e4r anslutna till <a href=\"https:\/\/npa.se\/\">N\u00e4ringslivets producentansvar<\/a> och rapporterar kvartalsvis in vad vi k\u00f6per in och s\u00e4ljer i papper, plast och pl\u00e5t p\u00e5 den svenska marknaden. Vi betalar en avgift per kilo p\u00e5 alla produkter som i sin tur \u00e4r med och finansierar c:a 5000 \u00e5tervinningscentraler i Sverige. Tack f\u00f6r att du hj\u00e4lper oss \u00e5tervinna v\u00e5ra f\u00f6rpackningar!<\/p>\n\n\n\n<p><strong>GR\u00d6N EL <\/strong>&#8211; hela f\u00f6retaget drivs p\u00e5 el fr\u00e5n gotl\u00e4ndska vindkraftverk. Det inkluderar v\u00e5r eldrivna teblandare. Vi byter l\u00f6pande ut lampor till l\u00e5genergi och LED och fastigheten v\u00e4rms upp av fj\u00e4rrv\u00e4rme.<\/p>\n\n\n\n<p><strong>TRANSPORT<\/strong> &#8211; alla egna transporter sker med v\u00e5r f\u00f6retagsbil som drivs p\u00e5 gotl\u00e4ndsk biogas. Vi har \u00e4ven ett eldrivet fordon f\u00f6r kortare \u00e4renden och mindre leveranser. V\u00e5r huvudtransport\u00f6r Schenker k\u00f6r enbart med fossilfria leveranser p\u00e5 Gotland.<\/p>\n\n\n\n<p><strong>H\u00c5LLBARA BESLUT<\/strong> &#8211; n\u00e4r vi g\u00f6r en upphandling av en ny trycksak eller emballage s\u00e5 st\u00e4ller vi fr\u00e5gan om produkten \u00e4r den b\u00e4sta p\u00e5 marknaden just nu om man ser till milj\u00f6 och fotavtryck. Det \u00e4r inte alltid producenterna \u00e4r i m\u00e5l g\u00e4llande det vi efterfr\u00e5gar, men v\u00e5r ambition \u00e4r att g\u00f6ra ink\u00f6p med milj\u00f6 och h\u00e5llbarhet i f\u00f6rsta rummet. <\/p>\n\n\n\n<p><strong>MINSKA PLASTEN<\/strong> &#8211; i butiken erbjuder papperskassar utan kostnad. Vi skyddspackar mer och mer med papper och wellpapp f\u00f6r att minska m\u00e4ngden plast vi k\u00f6per in till f\u00f6retaget. Det \u00e4r en p\u00e5g\u00e5ende process d\u00e4r vi g\u00f6r framsteg hela tiden, men det \u00e4r en bit kvar f\u00f6r branschen ang\u00e5ende milj\u00f6v\u00e4nligt och samtidigt skyddande f\u00f6rpackningsmaterial. V\u00e5r filosofi \u00e4r att en hel leverans har ett mindre fotavtryck \u00e4n en trasig som beh\u00f6ver skickas igen eller returneras.<\/p>\n\n\n\n<p><strong>ST\u00d6TTA MILJ\u00d6ARBETEN<\/strong> &#8211;  inget te utan vatten. Fr\u00e5n och med 2024 \u00e4r vi med och bidrar ekonomiskt till Naturskyddsf\u00f6reningens viktiga arbete med att r\u00e4dda Sveriges hav och vatten.<\/p>\n\n\n\n<figure class=\"wp-block-image size-full\"><img loading=\"lazy\" decoding=\"async\" width=\"814\" height=\"153\" src=\"https:\/\/www.kraenku.se\/test\/wp-content\/uploads\/Mejlsignatur_hav2025.png\" alt=\"\" class=\"wp-image-5520\" srcset=\"https:\/\/www.kraenku.se\/test\/wp-content\/uploads\/Mejlsignatur_hav2025.png 814w, https:\/\/www.kraenku.se\/test\/wp-content\/uploads\/Mejlsignatur_hav2025-300x56.png 300w, https:\/\/www.kraenku.se\/test\/wp-content\/uploads\/Mejlsignatur_hav2025-768x144.png 768w\" sizes=\"auto, (max-width: 814px) 100vw, 814px\" \/><\/figure>\n","protected":false},"excerpt":{"rendered":"<p>H\u00e4r p\u00e5 Kr\u00e4nku \u00e4r h\u00e5llbarhet, framtid, milj\u00f6 och natur mer \u00e4n modeord. Det rinner inte bara Guteblandning i v\u00e5ra \u00e5dror, utan ocks\u00e5 ett stort samh\u00e4llsengagemang. EKOLOGISKT &#8211; sedan n\u00e5gra \u00e5r tillbaka \u00e4r vi ekologiskt certifierade. Det \u00e4r ett krav f\u00f6r att f\u00e5 skapa och m\u00e4rka ekologiska teblandningar och \u00e4ven f\u00f6r att f\u00e5 s\u00e4lja ekologiska produkter&#8230;&nbsp;<a href=\"https:\/\/www.kraenku.se\/test\/framtid\/\" >L\u00e4s mer \u00bb<\/a><\/p>\n","protected":false},"author":2,"featured_media":4575,"parent":0,"menu_order":4,"comment_status":"closed","ping_status":"closed","template":"","meta":{"_acf_changed":false,"_genesis_hide_title":false,"_genesis_hide_breadcrumbs":false,"_genesis_hide_singular_image":false,"_genesis_hide_footer_widgets":false,"_genesis_custom_body_class":"","_genesis_custom_post_class":"","_genesis_layout":"","footnotes":""},"class_list":{"0":"post-4570","1":"page","2":"type-page","3":"status-publish","4":"has-post-thumbnail","6":"entry"},"acf":[],"_links":{"self":[{"href":"https:\/\/www.kraenku.se\/test\/wp-json\/wp\/v2\/pages\/4570","targetHints":{"allow":["GET"]}}],"collection":[{"href":"https:\/\/www.kraenku.se\/test\/wp-json\/wp\/v2\/pages"}],"about":[{"href":"https:\/\/www.kraenku.se\/test\/wp-json\/wp\/v2\/types\/page"}],"author":[{"embeddable":true,"href":"https:\/\/www.kraenku.se\/test\/wp-json\/wp\/v2\/users\/2"}],"replies":[{"embeddable":true,"href":"https:\/\/www.kraenku.se\/test\/wp-json\/wp\/v2\/comments?post=4570"}],"version-history":[{"count":21,"href":"https:\/\/www.kraenku.se\/test\/wp-json\/wp\/v2\/pages\/4570\/revisions"}],"predecessor-version":[{"id":5521,"href":"https:\/\/www.kraenku.se\/test\/wp-json\/wp\/v2\/pages\/4570\/revisions\/5521"}],"wp:featuredmedia":[{"embeddable":true,"href":"https:\/\/www.kraenku.se\/test\/wp-json\/wp\/v2\/media\/4575"}],"wp:attachment":[{"href":"https:\/\/www.kraenku.se\/test\/wp-json\/wp\/v2\/media?parent=4570"}],"curies":[{"name":"wp","href":"https:\/\/api.w.org\/{rel}","templated":true}]}}