{"id":3772,"date":"2019-02-12T14:55:21","date_gmt":"2019-02-12T13:55:21","guid":{"rendered":"https:\/\/www.kraenku.se\/test\/?page_id=3772"},"modified":"2022-08-26T07:35:49","modified_gmt":"2022-08-26T06:35:49","slug":"nyhetsbrev","status":"publish","type":"page","link":"https:\/\/www.kraenku.se\/test\/nyhetsbrev\/","title":{"rendered":"Kr\u00e4nkus nyhetsbrev"},"content":{"rendered":"\n<p>H\u00e4r prenumererar du p\u00e5 Kr\u00e4nkus nyhetsbrev. Vi skickar c:a ett brev i m\u00e5naden och du blir alltid en av de f\u00f6rsta som f\u00e5r reda p\u00e5 nyheter och f\u00e5r information om andra roliga produkter. H\u00e4ng med!<\/p>\n\n\n\n<!-- Begin Mailchimp Signup Form -->\n<link href=\"\/\/cdn-images.mailchimp.com\/embedcode\/classic-10_7.css\" rel=\"stylesheet\" type=\"text\/css\">\n<style type=\"text\/css\">\n\t#mc_embed_signup{background:#fff; clear:left; font:14px Helvetica,Arial,sans-serif; }\n\t\/* Add your own Mailchimp form style overrides in your site stylesheet or in this style block.\n\t   We recommend moving this block and the preceding CSS link to the HEAD of your HTML file. *\/\n<\/style>\n<div id=\"mc_embed_signup\">\n<form action=\"https:\/\/kraenku.us3.list-manage.com\/subscribe\/post?u=a85ad5992647ca133835547c1&amp;id=d8f38bfee3\" method=\"post\" id=\"mc-embedded-subscribe-form\" name=\"mc-embedded-subscribe-form\" class=\"validate\" target=\"_blank\" novalidate=\"\">\n    <div id=\"mc_embed_signup_scroll\">\n\t<h2>Prenumerera p\u00e5 v\u00e5rt nyhetsbrev<\/h2>\n<div class=\"mc-field-group\">\n\t<label for=\"mce-EMAIL\">E-postadress <\/label>\n\t<input type=\"email\" value=\"\" name=\"EMAIL\" class=\"required email\" id=\"mce-EMAIL\">\n<\/div>\n<div class=\"mc-field-group\">\n\t<label for=\"mce-FNAME\">F\u00f6rnamn <\/label>\n\t<input type=\"text\" value=\"\" name=\"FNAME\" class=\"required\" id=\"mce-FNAME\">\n<\/div>\n<div class=\"mc-field-group\">\n\t<label for=\"mce-LNAME\">Efternamn <\/label>\n\t<input type=\"text\" value=\"\" name=\"LNAME\" class=\"\" id=\"mce-LNAME\">\n<\/div>\n<p><a href=\"https:\/\/us3.campaign-archive.com\/home\/?u=a85ad5992647ca133835547c1&amp;id=d8f38bfee3\" title=\"L\u00e4s tidigare nyhetsbrev\">L\u00e4s tidigare nyhetsbrev<\/a><\/p>\n\t<div id=\"mce-responses\" class=\"clear\">\n\t\t<div class=\"response\" id=\"mce-error-response\" style=\"display:none\"><\/div>\n\t\t<div class=\"response\" id=\"mce-success-response\" style=\"display:none\"><\/div>\n\t<\/div>    <!-- real people should not fill this in and expect good things - do not remove this or risk form bot signups-->\n    <div style=\"position: absolute; left: -5000px;\" aria-hidden=\"true\"><input type=\"text\" name=\"b_a85ad5992647ca133835547c1_d8f38bfee3\" tabindex=\"-1\" value=\"\"><\/div>\n    <div class=\"clear\"><input type=\"submit\" value=\"Prenumerera\" name=\"subscribe\" id=\"mc-embedded-subscribe\" class=\"button\"><\/div>\n    <\/div>\n<\/form>\n<\/div>\n\n<!--End mc_embed_signup-->\n\n\n\n<figure class=\"wp-block-image size-large\"><img loading=\"lazy\" decoding=\"async\" width=\"1024\" height=\"1024\" src=\"https:\/\/www.kraenku.se\/test\/wp-content\/uploads\/E3A09C16-EBDD-48CF-8CA8-FE1DD5AC5AF4-1024x1024.jpeg\" alt=\"\" class=\"wp-image-4911\" srcset=\"https:\/\/www.kraenku.se\/test\/wp-content\/uploads\/E3A09C16-EBDD-48CF-8CA8-FE1DD5AC5AF4-1024x1024.jpeg 1024w, https:\/\/www.kraenku.se\/test\/wp-content\/uploads\/E3A09C16-EBDD-48CF-8CA8-FE1DD5AC5AF4-300x300.jpeg 300w, https:\/\/www.kraenku.se\/test\/wp-content\/uploads\/E3A09C16-EBDD-48CF-8CA8-FE1DD5AC5AF4-150x150.jpeg 150w, https:\/\/www.kraenku.se\/test\/wp-content\/uploads\/E3A09C16-EBDD-48CF-8CA8-FE1DD5AC5AF4-768x768.jpeg 768w, https:\/\/www.kraenku.se\/test\/wp-content\/uploads\/E3A09C16-EBDD-48CF-8CA8-FE1DD5AC5AF4-1536x1536.jpeg 1536w, https:\/\/www.kraenku.se\/test\/wp-content\/uploads\/E3A09C16-EBDD-48CF-8CA8-FE1DD5AC5AF4-2048x2048.jpeg 2048w\" sizes=\"auto, (max-width: 1024px) 100vw, 1024px\" \/><\/figure>\n","protected":false},"excerpt":{"rendered":"<p>H\u00e4r prenumererar du p\u00e5 Kr\u00e4nkus nyhetsbrev. Vi skickar c:a ett brev i m\u00e5naden och du blir alltid en av de f\u00f6rsta som f\u00e5r reda p\u00e5 nyheter och f\u00e5r information om andra roliga produkter. H\u00e4ng med! Prenumerera p\u00e5 v\u00e5rt nyhetsbrev E-postadress F\u00f6rnamn Efternamn L\u00e4s tidigare nyhetsbrev<\/p>\n","protected":false},"author":2,"featured_media":3439,"parent":0,"menu_order":12,"comment_status":"closed","ping_status":"closed","template":"","meta":{"_acf_changed":false,"_genesis_hide_title":false,"_genesis_hide_breadcrumbs":false,"_genesis_hide_singular_image":false,"_genesis_hide_footer_widgets":false,"_genesis_custom_body_class":"","_genesis_custom_post_class":"","_genesis_layout":"","footnotes":""},"class_list":{"0":"post-3772","1":"page","2":"type-page","3":"status-publish","4":"has-post-thumbnail","6":"entry"},"acf":[],"_links":{"self":[{"href":"https:\/\/www.kraenku.se\/test\/wp-json\/wp\/v2\/pages\/3772","targetHints":{"allow":["GET"]}}],"collection":[{"href":"https:\/\/www.kraenku.se\/test\/wp-json\/wp\/v2\/pages"}],"about":[{"href":"https:\/\/www.kraenku.se\/test\/wp-json\/wp\/v2\/types\/page"}],"author":[{"embeddable":true,"href":"https:\/\/www.kraenku.se\/test\/wp-json\/wp\/v2\/users\/2"}],"replies":[{"embeddable":true,"href":"https:\/\/www.kraenku.se\/test\/wp-json\/wp\/v2\/comments?post=3772"}],"version-history":[{"count":5,"href":"https:\/\/www.kraenku.se\/test\/wp-json\/wp\/v2\/pages\/3772\/revisions"}],"predecessor-version":[{"id":4913,"href":"https:\/\/www.kraenku.se\/test\/wp-json\/wp\/v2\/pages\/3772\/revisions\/4913"}],"wp:featuredmedia":[{"embeddable":true,"href":"https:\/\/www.kraenku.se\/test\/wp-json\/wp\/v2\/media\/3439"}],"wp:attachment":[{"href":"https:\/\/www.kraenku.se\/test\/wp-json\/wp\/v2\/media?parent=3772"}],"curies":[{"name":"wp","href":"https:\/\/api.w.org\/{rel}","templated":true}]}}