{"id":290,"date":"2011-07-26T14:24:45","date_gmt":"2011-07-26T13:24:45","guid":{"rendered":"http:\/\/www.kraenku.se\/test\/?page_id=290"},"modified":"2020-01-23T21:39:15","modified_gmt":"2020-01-23T20:39:15","slug":"svart","status":"publish","type":"page","link":"https:\/\/www.kraenku.se\/test\/te\/svart\/","title":{"rendered":"Svart te"},"content":{"rendered":"<p>Av allt te som dricks i v\u00e4stv\u00e4rlden \u00e4r 90 % svart. Svart te f\u00e5r sin karakteristiska f\u00e4rg och smak genom att det efter plockningen oxideras. Rent svart te namnges vanligen efter de distrikt det kommer ifr\u00e5n.<\/p>\n<p>Mycket av teet som konsumeras i Sverige \u00e4r smaksatt. Smaksatta teer kan best\u00e5 av en eller flera rena sorter som sedan tillf\u00f6rs smak genom oljor, essenser eller att frukter och b\u00e4r blandas med teet. Som exempel kan man ta den v\u00e4lk\u00e4nda tesorten Earl Grey, som f\u00e5r sin citrussmak av bergamottolja.<\/p>\n<p style=\"text-align: center;\"><img loading=\"lazy\" decoding=\"async\" class=\"size-medium wp-image-708 aligncenter\" title=\"Smaksatt svart te\" src=\"\/wp-content\/uploads\/2011\/07\/Smaksatt-svart-te-300x131.png\" alt=\"Smaksatt svart te\" width=\"300\" height=\"131\" srcset=\"https:\/\/www.kraenku.se\/test\/wp-content\/uploads\/2011\/07\/Smaksatt-svart-te-300x131.png 300w, https:\/\/www.kraenku.se\/test\/wp-content\/uploads\/2011\/07\/Smaksatt-svart-te.png 1000w\" sizes=\"auto, (max-width: 300px) 100vw, 300px\" \/><\/p>\n<p>De flesta av Kr\u00e4nkus teer \u00e4r smaksatta och svarta. Det finns smaker fr\u00e5n exotiska frukter till svenska b\u00e4r och \u00e4ven kryddor. <a title=\"Guteblandning\" href=\"\/te\/egnablandningar\/guteblandning\/\">Guteblandningen<\/a> \u00e4r en klassiker med bland annat citrus och anis som framtr\u00e4dande smaker.<\/p>\n<p>Du hittar alla svarta teer i v\u00e5rt sortimentet i v\u00e5r <a title=\"Kr\u00e4nkus webbshop\" href=\"\/shop\/svart-te\">webbshop<\/a>.<\/p>\n","protected":false},"excerpt":{"rendered":"<p>Av allt te som dricks i v\u00e4stv\u00e4rlden \u00e4r 90 % svart. Svart te f\u00e5r sin karakteristiska f\u00e4rg och smak genom att det efter plockningen oxideras. Rent svart te namnges vanligen efter de distrikt det kommer ifr\u00e5n. Mycket av teet som konsumeras i Sverige \u00e4r smaksatt. Smaksatta teer kan best\u00e5 av en eller flera rena sorter&#8230;&nbsp;<a href=\"https:\/\/www.kraenku.se\/test\/te\/svart\/\" >L\u00e4s mer \u00bb<\/a><\/p>\n","protected":false},"author":1,"featured_media":708,"parent":936,"menu_order":58,"comment_status":"open","ping_status":"closed","template":"","meta":{"_acf_changed":false,"_genesis_hide_title":false,"_genesis_hide_breadcrumbs":false,"_genesis_hide_singular_image":false,"_genesis_hide_footer_widgets":false,"_genesis_custom_body_class":"","_genesis_custom_post_class":"","_genesis_layout":"","footnotes":""},"class_list":{"0":"post-290","1":"page","2":"type-page","3":"status-publish","4":"has-post-thumbnail","6":"entry"},"acf":[],"_links":{"self":[{"href":"https:\/\/www.kraenku.se\/test\/wp-json\/wp\/v2\/pages\/290","targetHints":{"allow":["GET"]}}],"collection":[{"href":"https:\/\/www.kraenku.se\/test\/wp-json\/wp\/v2\/pages"}],"about":[{"href":"https:\/\/www.kraenku.se\/test\/wp-json\/wp\/v2\/types\/page"}],"author":[{"embeddable":true,"href":"https:\/\/www.kraenku.se\/test\/wp-json\/wp\/v2\/users\/1"}],"replies":[{"embeddable":true,"href":"https:\/\/www.kraenku.se\/test\/wp-json\/wp\/v2\/comments?post=290"}],"version-history":[{"count":43,"href":"https:\/\/www.kraenku.se\/test\/wp-json\/wp\/v2\/pages\/290\/revisions"}],"predecessor-version":[{"id":4146,"href":"https:\/\/www.kraenku.se\/test\/wp-json\/wp\/v2\/pages\/290\/revisions\/4146"}],"up":[{"embeddable":true,"href":"https:\/\/www.kraenku.se\/test\/wp-json\/wp\/v2\/pages\/936"}],"wp:featuredmedia":[{"embeddable":true,"href":"https:\/\/www.kraenku.se\/test\/wp-json\/wp\/v2\/media\/708"}],"wp:attachment":[{"href":"https:\/\/www.kraenku.se\/test\/wp-json\/wp\/v2\/media?parent=290"}],"curies":[{"name":"wp","href":"https:\/\/api.w.org\/{rel}","templated":true}]}}