{"id":1487,"date":"2013-02-01T23:51:48","date_gmt":"2013-02-01T22:51:48","guid":{"rendered":"http:\/\/www.kraenku.se\/test\/?page_id=1487"},"modified":"2024-11-20T10:48:27","modified_gmt":"2024-11-20T09:48:27","slug":"kaffe","status":"publish","type":"page","link":"https:\/\/www.kraenku.se\/test\/kaffe\/","title":{"rendered":"Kaffe fr\u00e5n Kr\u00e4nku"},"content":{"rendered":"<p><a href=\"http:\/\/www.kraenku.se\/test\/shop\/kaffe\"><img loading=\"lazy\" decoding=\"async\" class=\"aligncenter wp-image-5469 size-full\" src=\"https:\/\/www.kraenku.se\/test\/wp-content\/uploads\/Kaffehyllan-2023.png\" alt=\"Kr\u00e4nkus kaffehylla\" width=\"723\" height=\"1000\" srcset=\"https:\/\/www.kraenku.se\/test\/wp-content\/uploads\/Kaffehyllan-2023.png 723w, https:\/\/www.kraenku.se\/test\/wp-content\/uploads\/Kaffehyllan-2023-217x300.png 217w\" sizes=\"auto, (max-width: 723px) 100vw, 723px\" \/><\/a><\/p>\n<p>Hos oss hittar du kaffe fr\u00e5n hela v\u00e4rlden som rostas av Sveriges fr\u00e4msta rosterier. Vi har ett n\u00e4ra samarbete med gotl\u00e4ndska <strong><a href=\"https:\/\/www.guterosteri.se\/\">Gute Rosteri<\/a><\/strong> som rostar kaffet till n\u00e4stan alla v\u00e5ra egna kaffeblandningar. <strong><a href=\"http:\/\/www.kraenku.se\/test\/shop\/kaffe\">H\u00e4r hittar du v\u00e5rt nuvarande kaffesortiment<\/a><\/strong>!<\/p>\n<p><a href=\"http:\/\/www.kraenku.se\/test\/shop\/vara-egna-kaffeblandningar\"><img loading=\"lazy\" decoding=\"async\" class=\"aligncenter wp-image-5444 size-full\" src=\"https:\/\/www.kraenku.se\/test\/wp-content\/uploads\/Va\u030ara-egna-kaffeblandningar-Image-mapping-2024-copy.png\" alt=\"\" width=\"556\" height=\"200\" srcset=\"https:\/\/www.kraenku.se\/test\/wp-content\/uploads\/Va\u030ara-egna-kaffeblandningar-Image-mapping-2024-copy.png 556w, https:\/\/www.kraenku.se\/test\/wp-content\/uploads\/Va\u030ara-egna-kaffeblandningar-Image-mapping-2024-copy-300x108.png 300w\" sizes=\"auto, (max-width: 556px) 100vw, 556px\" \/><\/a><\/p>\n<p style=\"text-align: left;\">Vi s\u00e4ljer ocks\u00e5 <a href=\"http:\/\/www.kraenku.se\/test\/shop\/smaksatt-kaffe\"><strong>smaksatt kaffe<\/strong><\/a> i flera popul\u00e4ra smaker som Irish Cream, Kardemumma, Choklad och Sm\u00f6rkola. Vi blandar tv\u00e5 egna smaksatta kaffeblandningar som vi kallar <a title=\"Blandet Gutt\" href=\"http:\/\/www.kraenku.se\/test\/shop\/smaksatt-kaffe\/blandet-gutt.html\">Blandet Gutt<\/a>\u00a0och <a href=\"https:\/\/www.kraenku.se\/test\/shop\/smaksatt-kaffe\/avec.html\">Avec<\/a>.<\/p>\n<p style=\"text-align: center;\"><img loading=\"lazy\" decoding=\"async\" class=\"aligncenter wp-image-1489\" title=\"Kaffeb\u00f6nor\" src=\"http:\/\/www.kraenku.se\/test\/wp-content\/uploads\/Kaffebonor.png\" alt=\"Kaffeb\u00f6nor\" width=\"450\" height=\"317\" srcset=\"https:\/\/www.kraenku.se\/test\/wp-content\/uploads\/Kaffebonor.png 500w, https:\/\/www.kraenku.se\/test\/wp-content\/uploads\/Kaffebonor-300x211.png 300w\" sizes=\"auto, (max-width: 450px) 100vw, 450px\" \/><\/p>\n<p style=\"text-align: left;\">Vi har \u00e4ven ett brett utbud av <a href=\"http:\/\/www.kraenku.se\/test\/shop\/kaffetillbehor\"><strong>kaffekvarnar och andra tillbeh\u00f6r<\/strong><\/a> f\u00f6r att brygga en perfekt kopp kaffe. Titta g\u00e4rna f\u00f6rbi butiken s\u00e5 v\u00e4gleder vi dig v\u00e4ldigt g\u00e4rna fram till vilken b\u00f6na och bryggmetod som passar just dig! Vi mal sj\u00e4lvklart kaffet efter dina \u00f6nskem\u00e5l.<\/p>\n<p style=\"text-align: left;\">Om du inte har v\u00e4garna f\u00f6rbi butiken i Visby s\u00e5 skicka g\u00e4rna din kaffefr\u00e5ga direkt till oss via <a title=\"Maila om kaffe\" href=\"mailto:oskar@kraenku.se\">e-post<\/a>\u00a0s\u00e5 lovar vi snabba och genomt\u00e4nkta svar. Vi har ocks\u00e5 producerat n\u00e5gra egna instruktionsvideor \u00f6ver speciella bryggmetoder. Titta g\u00e4rna in p\u00e5 v\u00e5r <a title=\"Bryggmetoder p\u00e5 Youtube\" href=\"http:\/\/www.youtube.com\/playlist?list=PL560552F57FE40B56\">Youtubekanal<\/a>!<\/p>\n<p style=\"text-align: center;\"><img loading=\"lazy\" decoding=\"async\" class=\"aligncenter wp-image-1502\" title=\"Kaffeprodukter\" src=\"http:\/\/www.kraenku.se\/test\/wp-content\/uploads\/Kaffeprodukter.jpg\" alt=\"Kaffeprodukter\" width=\"449\" height=\"449\" srcset=\"https:\/\/www.kraenku.se\/test\/wp-content\/uploads\/Kaffeprodukter.jpg 554w, https:\/\/www.kraenku.se\/test\/wp-content\/uploads\/Kaffeprodukter-150x150.jpg 150w, https:\/\/www.kraenku.se\/test\/wp-content\/uploads\/Kaffeprodukter-300x300.jpg 300w\" sizes=\"auto, (max-width: 449px) 100vw, 449px\" \/><\/p>\n","protected":false},"excerpt":{"rendered":"<p>Hos oss hittar du kaffe fr\u00e5n hela v\u00e4rlden som rostas av Sveriges fr\u00e4msta rosterier. Vi har ett n\u00e4ra samarbete med gotl\u00e4ndska Gute Rosteri som rostar kaffet till n\u00e4stan alla v\u00e5ra egna kaffeblandningar. H\u00e4r hittar du v\u00e5rt nuvarande kaffesortiment! Vi s\u00e4ljer ocks\u00e5 smaksatt kaffe i flera popul\u00e4ra smaker som Irish Cream, Kardemumma, Choklad och Sm\u00f6rkola. Vi&#8230;&nbsp;<a href=\"https:\/\/www.kraenku.se\/test\/kaffe\/\" >L\u00e4s mer \u00bb<\/a><\/p>\n","protected":false},"author":2,"featured_media":3674,"parent":0,"menu_order":40,"comment_status":"closed","ping_status":"closed","template":"","meta":{"_acf_changed":false,"_genesis_hide_title":false,"_genesis_hide_breadcrumbs":false,"_genesis_hide_singular_image":false,"_genesis_hide_footer_widgets":false,"_genesis_custom_body_class":"","_genesis_custom_post_class":"","_genesis_layout":"","footnotes":""},"class_list":{"0":"post-1487","1":"page","2":"type-page","3":"status-publish","4":"has-post-thumbnail","6":"entry"},"acf":[],"_links":{"self":[{"href":"https:\/\/www.kraenku.se\/test\/wp-json\/wp\/v2\/pages\/1487","targetHints":{"allow":["GET"]}}],"collection":[{"href":"https:\/\/www.kraenku.se\/test\/wp-json\/wp\/v2\/pages"}],"about":[{"href":"https:\/\/www.kraenku.se\/test\/wp-json\/wp\/v2\/types\/page"}],"author":[{"embeddable":true,"href":"https:\/\/www.kraenku.se\/test\/wp-json\/wp\/v2\/users\/2"}],"replies":[{"embeddable":true,"href":"https:\/\/www.kraenku.se\/test\/wp-json\/wp\/v2\/comments?post=1487"}],"version-history":[{"count":25,"href":"https:\/\/www.kraenku.se\/test\/wp-json\/wp\/v2\/pages\/1487\/revisions"}],"predecessor-version":[{"id":5470,"href":"https:\/\/www.kraenku.se\/test\/wp-json\/wp\/v2\/pages\/1487\/revisions\/5470"}],"wp:featuredmedia":[{"embeddable":true,"href":"https:\/\/www.kraenku.se\/test\/wp-json\/wp\/v2\/media\/3674"}],"wp:attachment":[{"href":"https:\/\/www.kraenku.se\/test\/wp-json\/wp\/v2\/media?parent=1487"}],"curies":[{"name":"wp","href":"https:\/\/api.w.org\/{rel}","templated":true}]}}